/(175/10) + (-1018)/(-14). Let s = -107 + j. Calculate the remainder when 17 is divided by 16 + 2/5 + s/10.
4
Suppose -19*f = -7*f. Suppose f*d + 3*d + 4*l = 53, -2*d - 2*l + 34 = 0. Calculate the remainder when (-4 + (-13)/(-3))*87 is divided by d.
14
Let o(n) = -16*n + 26. Let m be o(2). Calculate the remainder when 218 is divided by (41 - -6) + (-2)/(-4)*m.
42
What is the remainder when (7 + (-1896)/(-5))/((2/5)/2) is divided by 116?
75
Let u = 2 + 8. Let h be (42/u - -2) + 2/(-10). Suppose 320 - 104 = h*n. Calculate the remainder when n is divided by 13.
10
Suppose w - 253 = -2*p, -4*p - w - 297 = -800. Let z = 473 + -324. Suppose -7*q = -z - 75. Calculate the remainder when p is divided by q.
29
Let x(n) = -20*n - 100. Let g be x(-5). Suppose g = -8*f + 24*f - 816. Calculate the remainder when 662 is divided by f.
50
Let l(m) = -3*m**2 + 84*m + 300. Calculate the remainder when 515 is divided by l(31).
11
Let o(a) = -16*a + 2 - a**2 - a**3 + 2*a**3 - a**2 - a**2. Let h be o(6). Let g = h - 6. What is the remainder when 22 is divided by g?
6
Let w(l) = -187*l - 723. What is the remainder when w(-4) is divided by 23?
2
Let m(c) = -2*c. Suppose -4*f - 2 = 5*j, -2*j + 5 + 2 = -f. Let a(y) = 4*y - 1. Let u(i) = j*a(i) + 6*m(i). Calculate the remainder when 57 is divided by u(-3).
7
Let d(u) = 2*u**3 + 6*u**2 + 3*u + 2. Suppose -2*b + 3*o = -44, b + 4*b + 3*o - 110 = 0. What is the remainder when b is divided by d(-2)?
2
Suppose -2*p + 25 = s, -2*s + 7 = -3*p - 8. Let a be (-36)/(-2)*(6 - 4). Let z = a - 7. Calculate the remainder when z is divided by s.
14
Suppose -231*y + 4*l = -228*y - 91, 3*y - 95 = 5*l. Suppose 3*p + p = 2*a + 36, -a = p - 12. What is the remainder when y is divided by p?
5
Let o = -895 - -557. Let u = -267 - o. Suppose 0*i = i - 15. Calculate the remainder when u is divided by i.
11
Suppose 56*l - 72*l = -3984. Calculate the remainder when l is divided by 36.
33
Suppose 0 = 127*h - 115*h - 180. Let z(d) be the first derivative of -2*d**3/3 + 33*d**2/2 - 19*d + 3. What is the remainder when 76 is divided by z(h)?
24
Calculate the remainder when 847 is divided by ((-232)/(-10))/((-68)/(-170)).
35
Suppose 38 = -5*y + 13, -2*h - 57 = y. Let i = h + 31. Suppose i*t - 4*x = 90, 5*t - 61 = x + 29. What is the remainder when t is divided by 7?
4
Let v = -58 - -86. Suppose 5*q - 4*f = 3050, 2*q + q - 3*f - 1827 = 0. What is the remainder when q is divided by v?
26
Suppose -2*u + 5*d - 6*d + 2089 = 0, 0 = 3*u - 4*d - 3095. Calculate the remainder when u is divided by 245.
61
Let c(l) = 4*l**2 + 26*l - 19. Let u(b) = -2*b**2 - 13*b + 10. Let k = 25 - 19. Let o(w) = k*c(w) + 11*u(w). What is the remainder when 121 is divided by o(-9)?
39
Suppose 0 = -5*l + 11 + 9. Let z be (l/8 - 3) + (-1)/(-2). Calculate the remainder when 46 is divided by (-56)/z + 2 + -6.
22
Suppose 115*w - 21937 - 1710 = 1653. What is the remainder when w is divided by 7?
3
Let u(d) = 68*d - 1031. What is the remainder when u(19) is divided by 81?
18
Suppose 51*a - 47*a - 197 = -b, 4*a + 913 = 5*b. Suppose -z - 137 = -3*g, -4*g + 106 + 98 = 4*z. Calculate the remainder when b is divided by g.
44
Suppose -74*m - 890 = -78*m + x, 2*m = 4*x + 452. Calculate the remainder when m is divided by 45.
42
Let p(g) = -g**3 + 101*g**2 - 6*g + 642. What is the remainder when 1391 is divided by p(101)?
23
Suppose 3*k + 2*z - 4385 = 0, 55*z - 5848 = -4*k + 53*z. Suppose -1460*s - 123 = -k*s. Calculate the remainder when 136 is divided by s.
13
Let m(w) = 2*w**2 + 60*w + 30. Let s(q) = -q**3 + 9*q**2 - 14*q - 30. Let t be s(7). What is the remainder when m(t) is divided by 21?
9
Calculate the remainder when 1175 is divided by (-2205)/270*(-13 - -1).
97
Calculate the remainder when 154 is divided by (-4 + 50/15)/((-16)/288).
10
Suppose -v = 4*j + 15, -v + 2*v = 3*j + 13. Let t be -2 - -7 - (v - 16). Let n = t + 2. Calculate the remainder when 108 is divided by n.
20
Let o(h) = h**3 + 45*h**2 + 80*h - 150. What is the remainder when 658 is divided by o(-43)?
10
Let t be 2 + 16 - 2 - 5. Suppose t*x - 247 - 39 = 0. Calculate the remainder when 95 is divided by x.
17
Let w(q) = q**2 + 6*q - 4. Let r be w(-6). Calculate the remainder when (-14 + 5 + 4)/(2/(-38)) is divided by 5/(-10)*-42 - r.
20
Let c be 3/(-12) - 1155/(-12). Let m = 92 + -139. Let x = m + c. Calculate the remainder when x is divided by 14.
7
Suppose -2*w + w - 5120 = -5122. Suppose 3*n - 31 = 2*a, -3*n + 4*n + 4*a + 13 = 0. Suppose -6 = -p + n. What is the remainder when p is divided by w?
1
Suppose -4*j + 122*a = 121*a - 202, 0 = -j + a + 49. What is the remainder when 10095 is divided by j?
48
Let i be -2*1/(-2)*48/(-12). Suppose 0*b + b = 20. Calculate the remainder when b is divided by -7*i/224 + 190/16.
8
Let r = -2992 + 3302. What is the remainder when r is divided by 44?
2
Let t be 0/3*2/(-4). Suppose b + t*b - 16 = 0. Let o(w) = 9*w**2 - 7*w - 5. What is the remainder when o(-2) is divided by b?
13
Let a be (8/(-10))/(6/15). Let v be (-8)/(-20) + 4/(-10). Let d = v - a. Calculate the remainder when 2 is divided by d.
0
Let n(m) = 194*m - 1514. What is the remainder when 1396 is divided by n(8)?
28
Let i(x) = 24*x - 40. Let k be i(10). Suppose -10 = -2*q, 8*m - k = 3*m - q. What is the remainder when m is divided by 9?
3
Let r(p) = 9*p**2 - 46*p - 9. Calculate the remainder when 1208 is divided by r(7).
108
Let p(t) = 7*t - 97 - 2*t - 3*t + 13*t. What is the remainder when 77 is divided by p(7)?
5
Suppose 361 + 109 = a. Suppose a = 9*r - 250. Let o = 90 - r. What is the remainder when o is divided by 3?
1
Suppose -133*w + 128*w + 168 = 3*j, -j + 60 = w. Let x = 3 - -2. Suppose f - x*c = 23, 3*c - 12 = -3*f + 57. What is the remainder when j is divided by f?
20
Let w(q) = 104*q**2 + q + 1. What is the remainder when w(-1) is divided by (-20)/(-6)*(-1 + 2)*(-387)/(-43)?
14
Suppose 5*m + 582 = t, 3*t + 7*m - 6*m = 1794. What is the remainder when t is divided by 26?
25
Let v(d) = d**2 - 6*d + 72. Let a be v(8). Let w = a - 44. Calculate the remainder when w is divided by 4.
0
Suppose 2*z = -2*k + 12, 18*k - z = 14*k + 19. Suppose 0*c - 2*c = 4*i - 1124, 0 = -c + k*i + 597. What is the remainder when c is divided by 23?
20
Suppose 278*t = 273*t - 495. Let n = t - -161. What is the remainder when 246 is divided by n?
60
Let m(a) = a**2 - 3*a - 1. Calculate the remainder when ((-7119)/75)/((-4)/20) + 10/25 is divided by m(9).
51
Suppose -f = 2*q - 27, -2*f - q + 64 = -2*q. Calculate the remainder when 103 is divided by f.
10
Let l = -190 + -38. Let b = l - -266. Calculate the remainder when 75 is divided by b.
37
Let r(u) = -12*u**3 - u**2 - 3*u - 2. Let v be r(-1). Suppose -5*y = -v*y + 56. Suppose -y*x + 12*x = 320. Calculate the remainder when x is divided by 27.
26
Let r(n) = -19*n + 95. Let h be r(-9). Suppose h*l - 95 = 261*l. What is the remainder when 124 is divided by l?
10
Let r(h) = -39*h - 115. Let c be r(-3). Suppose -4*g - 16 = 0, c*n + 1 = -3*g - 1. What is the remainder when 92 is divided by n?
2
Suppose -8*j = -12*j - 2*g - 938, 3*g = -3. Let l = j + 311. What is the remainder when l is divided by 27?
23
Let x = -1 - -4. Suppose -x*k = 2*k - 530. What is the remainder when k is divided by ((-72)/14 + 0)/(4/(-14))?
16
Let b(a) = -a**3 - 18*a**2 - 22*a - 18. Let f = 23 - -24. Suppose -7*j + 86 + f = 0. Calculate the remainder when b(-17) is divided by j.
10
Let y(i) = -2*i + 3. Let k be 4/(-8)*(16 - -2). Let v be y(k). What is the remainder when 20 is divided by (v/(-3) + 2)*12/(-10)?
2
Let f = -127 - -186. Let v = -57 - -77. Calculate the remainder when f is divided by v.
19
Let r = -2640 - -2737. What is the remainder when 166 is divided by r?
69
Let j = 58 - -7. Suppose 0 = 4*k + 2*t - 214, 0 = 3*t + 3. Suppose -3*x - 3*h = -0*h - k, -4*x + h = -97. Calculate the remainder when j is divided by x.
19
Suppose 71*j - 416 = 294. Calculate the remainder when 166 is divided by j.
6
Suppose 0 = -15*d - 0*d + 15195. Suppose d + 643 = 24*y. What is the remainder when y is divided by 32?
5
Let s(n) = -n**2 + 15*n - 29. Suppose 0 = x + 9 + 5. What is the remainder when ((-8)/10)/(x/595) is divided by s(12)?
6
Suppose 215 = 6*l - 307. Suppose -311 = 3*o - 377. What is the remainder when l is divided by o?